 364?
-1346
In base 12, what is 6 - 43b4?
-43aa
In base 3, what is 2111201 - 2100?
2102101
In base 9, what is 7457 + 4?
7462
In base 14, what is 5bc + 4b?
629
In base 6, what is -25333 - 42?
-25415
In base 8, what is -1475074 + 6?
-1475066
In base 15, what is c3c - -5b1?
12ed
In base 8, what is 5 - -46365?
46372
In base 9, what is 15 - 473441?
-473425
In base 13, what is 10b - 5?
106
In base 14, what is -7 - 1096b7?
-1096c0
In base 5, what is 10 + 224311?
224321
In base 2, what is 11110010 + 1011111001?
1111101011
In base 5, what is 2 + 224043?
224100
In base 11, what is -6770 - -2?
-6769
In base 5, what is -131424 + 0?
-131424
In base 9, what is -31143 - -61?
-31072
In base 15, what is -2a1 + 1ee?
-a2
In base 2, what is 1000011001110100001 + -11?
1000011001110011110
In base 12, what is a5b37 - 3?
a5b34
In base 7, what is -3264430 + -2?
-3264432
In base 11, what is 420608 + -4?
420604
In base 10, what is 1533 - -1090?
2623
In base 14, what is 96 + 55a8?
5660
In base 3, what is 1102000110 - 200?
1101222210
In base 10, what is -16 - 771?
-787
In base 3, what is 10211 - -1202121?
1220102
In base 14, what is -236b - -5?
-2366
In base 14, what is -2986ad + 3?
-2986aa
In base 12, what is -8 - -416?
40a
In base 14, what is 0 + -28130?
-28130
In base 14, what is -a2b3b - 0?
-a2b3b
In base 9, what is -4874 - -440?
-4434
In base 3, what is -2011 + -110201?
-112212
In base 7, what is 206006 + 2?
206011
In base 4, what is -203 + -21331?
-22200
In base 16, what is -670c - 3?
-670f
In base 9, what is -203040 + 3?
-203036
In base 14, what is -615 + 59?
-59a
In base 14, what is 3d2aa + -9?
3d2a1
In base 2, what is -1111010011001100000 + 1100?
-1111010011001010100
In base 14, what is -9 - a5ca?
-a5d5
In base 5, what is 2441 + -100?
2341
In base 5, what is -14322024 - 10?
-14322034
In base 15, what is 6d + -d18?
-c9a
In base 12, what is -1aa8 + -90?
-1b78
In base 6, what is -11 + -533?
-544
In base 9, what is 3622021 - -4?
3622025
In base 6, what is 35033 + -15?
35014
In base 15, what is -552 - 27?
-579
In base 8, what is 4 - -22527?
22533
In base 2, what is -110 - -1110100100001?
1110100011011
In base 13, what is 1 - 1c97?
-1c96
In base 8, what is -5 + 6037?
6032
In base 16, what is 11 - aa59?
-aa48
In base 12, what is 11b - 11?
10a
In base 16, what is 1 - 9e26a?
-9e269
In base 4, what is -1121201220 - -23?
-1121201131
In base 9, what is 16 - -52863?
52880
In base 9, what is 315 - 664?
-348
In base 9, what is 5 - -3636450?
3636455
In base 5, what is -311 + -20323?
-21134
In base 14, what is -107d2 + -6?
-107d8
In base 12, what is 26b9 - 27?
2692
In base 7, what is 3 + 150?
153
In base 4, what is -132222 - 23?
-132311
In base 6, what is 30 + 3051341?
3051411
In base 13, what is -58b + 12?
-579
In base 8, what is -557122 - 2?
-557124
In base 5, what is 10100 - -444?
11044
In base 11, what is -1 - -229404?
229403
In base 15, what is -12bd7b + -4?
-12bd80
In base 7, what is -215435 + -1?
-215436
In base 13, what is -2 + 131974?
131972
In base 15, what is -19b - -81?
-11a
In base 4, what is -1202130 - 231?
-1203021
In base 13, what is -4ac7 - 24?
-4b1b
In base 15, what is e71 + 4?
e75
In base 5, what is 422101 - -1?
422102
In base 16, what is -8f + -266?
-2f5
In base 11, what is -123469 - -1?
-123468
In base 2, what is 10 - 1110110011001110101?
-1110110011001110011
In base 9, what is 473 - -1?
474
In base 13, what is -1923a + 3?
-19237
In base 7, what is -10251 - -40?
-10211
In base 11, what is -5a9 - -7?
-5a2
In base 3, what is 10220 - -21111100?
21122020
In base 15, what is -918 + 6?
-912
In base 10, what is -177 - 822?
-999
In base 6, what is -2054 + 11115?
5021
In base 12, what is -1 + 5007?
5006
In base 14, what is -8 + -6b9?
-6c3
In base 11, what is -4 - -52141?
52138
In base 3, what is -121221 + -201?
-122122
In base 13, what is 6a - -91?
12b
In base 10, what is 4350 + -4?
4346
In base 6, what is -2 - -250040?
250034
In base 15, what is 1 - 141cb?
-141ca
In base 9, what is 2 - -7601?
7603
In base 6, what is 1 - 1153034?
-1153033
In base 12, what is -160b + -8?
-1617
In base 2, what is -101001 - 10011101001001?
-10011101110010
In base 12, what is -671 - -62?
-60b
In base 4, what is -2330 + -1013332?
-1022322
In base 14, what is -22 + -30b54?
-30b76
In base 14, what is 9a - 8b1?
-815
In base 8, what is 422 - -3170?
3612
In base 3, what is 121112101011 - 12?
121112100222
In base 11, what is -12 - -3316?
3304
In base 12, what is -278 - -41b?
163
In base 7, what is -13341 - -25?
-13313
In base 16, what is -cf16 + -18?
-cf2e
In base 14, what is -13167c + -4?
-131682
In base 7, what is 1364154 - 1?
1364153
In base 15, what is 1 + 29495?
29496
In base 5, what is -10002420 - 4?
-10002424
In base 15, what is -5 + -1b07?
-1b0c
In base 9, what is 4 - -572368?
572373
In base 10, what is -2 + -16139?
-16141
In base 12, what is -3 + -4698?
-469b
In base 7, what is 441 - 31?
410
In base 9, what is 42051 - 14?
42036
In base 4, what is 303232 - -101?
303333
In base 4, what is -1111 - -100020?
32303
In base 15, what is -ed7 + -1?
-ed8
In base 12, what is a - 1944?
-1936
In base 15, what is 25 - -338?
35d
In base 12, what is 4 - -219606?
21960a
In base 5, what is 122024 + -133?
121341
In base 16, what is 2eed7 + 2?
2eed9
In base 2, what is -110111 + -1?
-111000
In base 12, what is 184 - -1613?
1797
In base 14, what is a + -18a98?
-18a8c
In base 12, what is 13753 + -28?
13727
In base 3, what is 121 - -201122101?
201122222
In base 7, what is 156 + 142?
331
In base 15, what is 4c3d + 15?
4c53
In base 10, what is -505 - -8?
-497
In base 14, what is -19a - 20d?
-3a9
In base 6, what is 1433 - -211?
2044
In base 3, what is -212110222 - 122?
-212111121
In base 4, what is -32230201330 + -11?
-32230202001
In base 6, what is 0 + 10243525?
10243525
In base 14, what is -4 - -347c?
3478
In base 3, what is -11 + -22102211202?
-22102211220
In base 8, what is -236 - -62257?
62021
In base 3, what is 1 - -11022021110?
11022021111
In base 5, what is -4 + -323340401?
-323340410
In base 6, what is -11 - -20043544?
20043533
In base 15, what is 1c435 + 1?
1c436
In base 11, what is 32 + 1192?
1214
In base 9, what is -5 - -2485610?
2485604
In base 10, what is -1097 - 1690?
-2787
In base 4, what is -1113302 + -30?
-1113332
In base 2, what is -110110010001100111100 + -10?
-110110010001100111110
In base 3, what is 110 - 11?
22
In base 9, what is 4 - -7333?
7337
In base 4, what is -1210300 - -10230?
-1200010
In base 14, what is 3416 - 2a?
33ca
In base 9, what is -5 - -16281?
16275
In base 12, what is 1 - -2442?
2443
In base 2, what is -11000 + 11111100000?
11111001000
In base 12, what is -15520 + 1?
-1551b
In base 7, what is -4252156 - -2?
-4252154
In base 6, what is -31 + -5503?
-5534
In base 13, what is 5c2 + -43?
57c
In base 7, what is -2206450 + -4?
-2206454
In base 10, what is -449819 - -5?
-449814
In base 12, what is 41 - -67a?
6bb
In base 6, what is -31055 - -2103?
-24552
In base 5, what is 231 - 11131?
-10400
In base 9, what is -116260 + 1?
-116258
In base 16, what is -718c6a + 0?
-718c6a
In base 13, what is 4c - -356?
3a5
In base 12, what is -3b614 + -8?
-3b620
In base 12, what is -21a47 - 2?
-21a49
In base 4, what is -3 - -3113231?
3113222
In base 10, what is 842 - -2639?
3481
In base 11, what is 1796a + 23?
17992
In base 13, what is -6b2b7 + 6?
-6b2b1
In base 16, what is 767c + -2?
767a
In base 14, what is -4 - -132d79?
132d75
In base 2, what is 11100100001100 - -101?
11100100010001
In base 8, what is 2637 + 25?
2664
In base 7, what is 60 - -2343?
2433
In base 5, what is -312432424 + -1?
-312432430
In base 11, what is 119a60 + -1?
119a5a
In base 15, what is -1 + 31827?
31826
In base 4, what is 1220101 + 2?
1220103
In base 11, what is -21 - 28193?
-28204
In base 11, what is 1227 - -6?
1232
In base 2, what is 1 - 10001100001?
-10001100000
In base 4, what is -1 - -2000131?
2000130
In base 6, what is 105030 - -532?
110002
In base 4, what is -100022 - 13213?
-113301
In base 9, what is 33 + -4501?
-4457
In base 3, what is 11 + 10220110221?
10220111002
In base 11, what is -91753 + -7?
-9175a
In base 3, what is -10121011 - 1121?
-10122202
In base 14, what is 148444 + -1?
148443
In base 3, what is 10021102 - 21?
10021011
In base 10, what is 285 - -66?
351
In base 13, what is -5831 + -1a7?
-5a08
In ba